*(69908*-12 - (-42)/12*2) composite?
False
Let g = 166451 + 145308. Is g a composite number?
True
Suppose -g - 82979 = -5*o, o + 11*g - 16*g - 16615 = 0. Suppose -3*v - x + o = 0, -2*v - 1603 + 12665 = x. Is v prime?
False
Suppose -132 = 15*h - 18*h. Let t be 2*114/8*-3*h. Let m = -1409 - t. Is m composite?
True
Let n = 32 + -31. Is (-1)/((-3)/3260) + n/3 a prime number?
True
Suppose -47514 = -101*d + 95*d. Suppose 20*l - 19*l = d. Is l a prime number?
True
Let h be ((-442884)/153)/(2/6). Let m = h - -17257. Is m a prime number?
True
Suppose -3*k + 5*z + 5453 = 0, 2*k + 0*z = 2*z + 3638. Suppose 22*r - 2073 = k. Is r a composite number?
True
Let w be (-2)/(-10) - 267/(-30)*2. Suppose -3*v - 12 = -w, -5*v = -2*m + 58. Is m a composite number?
True
Suppose -64*f - 94902 = -70*f. Is f a composite number?
False
Suppose -5*a + 7650 = 2*w, 105*w = 109*w + 3*a - 15314. Let u = 1615 - 570. Let i = w - u. Is i a prime number?
False
Let a = -14 + 16. Suppose -g + 5*i + 565 = -479, -a*i - 1041 = -g. Is g a prime number?
True
Let o(p) = p**2 + 26. Let s be o(0). Suppose -36 = -2*q - s. Suppose -z = q*x - 12474, 3*x + 3*z - 4389 = 3093. Is x a prime number?
False
Suppose -y = -2*d + 192852, -50*d + 3*y = -52*d + 192876. Is d a prime number?
False
Suppose -h + 15200 + 3039 = 3*r, 2*r - 2*h = 12162. Suppose -13*p = -11*p - b - r, -p + 3049 = 4*b. Is p a composite number?
False
Let t be 1/(-1 + (-6)/(-5)). Suppose 2*d + 4*v + 4 = -4, 5*d = -t*v + 5. Suppose d*a - 5047 = -a. Is a prime?
False
Suppose 2*v = 5*q + 38817 - 796, 4*v + 5*q - 75967 = 0. Suppose -v + 5271 = -7*x. Is x prime?
False
Suppose -2*z - 6*v = -4*v - 14, -5*z + 21 = -2*v. Suppose -5*o = -z*m + 580, -9*m - o = -7*m - 241. Is m a composite number?
True
Let y(k) = 3355*k**2 - 3*k - 2. Let t(f) = -3355*f**2 + 4*f + 2. Let s(z) = 3*t(z) + 4*y(z). Let p be s(1). Suppose -6*c = -7*c + p. Is c prime?
False
Let m(v) = -4*v**3 - 9*v**2 - 4. Let k(p) = -11*p**3 - 27*p**2 - 12. Let g(s) = -3*k(s) + 8*m(s). Let u be g(-9). Suppose 0 = u*x - 329 - 531. Is x prime?
False
Suppose 0 = -115*b - 186*b + 37901017. Is b composite?
True
Let k(v) = -v - 20. Let i be k(-17). Let t(x) = -152*x**2 - x + 6. Let m be t(i). Let q = m + 2614. Is q prime?
False
Let x(m) = 20283*m + 1963. Is x(18) prime?
False
Suppose 5*v - 6*v = 5*y - 70125, -140282 = -2*v - 2*y. Is v composite?
True
Is 312421 - ((-18)/(-15))/((-5)/((-125)/(-5))) composite?
False
Is (8 - (36/(-180) + 61/5)) + 247703 a composite number?
True
Let v(g) = 3*g - 63. Let n be v(21). Suppose -41 = -j + 5*a, 2*j - 46 = a - n*a. Is ((14/j)/1)/(2/786) prime?
False
Suppose 0 = -21*j - j + 120648. Is (j/7 - -2) + (-12)/28 a composite number?
True
Suppose z - 4 = -2*w, 3*z = -w + 4*w - 33. Let d(k) = -538*k + 12. Let x be d(z). Suppose -x = -5*g + 3215. Is g composite?
False
Let f = 40642 + -28953. Suppose b - 2*j = -2*b + 8754, 0 = -4*b - 3*j + f. Let k = b - 1389. Is k a composite number?
False
Let m = 864740 + 375249. Is m a prime number?
True
Let p(r) be the first derivative of -r**4/4 + 2*r**3/3 - 11*r**2/2 - 17*r - 239. Is p(-10) prime?
False
Let o(n) = n**2 + 4*n - 42. Let h(t) = 22*t - 27. Let z be h(8). Let w = z - 136. Is o(w) a composite number?
False
Let m(r) = -336*r + 58*r + 1 - 3*r - 169*r - 236*r. Let g be (2/5)/((-1)/5). Is m(g) a prime number?
True
Suppose -118 = -5*v + 1052. Is 7 + (7 + v - -3) composite?
False
Suppose 0*t + t = 4396. Suppose -5*o - 2*b = -t, 3*o - 2*o = -5*b + 870. Suppose -4*k + o = 4*l, 2*l + 222 = k + l. Is k a prime number?
False
Let u = -104 - -89. Let s be 3*((-22)/u - 4/5). Suppose 7052 = s*x + 1174. Is x a composite number?
False
Suppose -6*z + 1494 = -1164. Is z prime?
True
Suppose 18*o - 565509 = 13*o + j, -5*j = -2*o + 226222. Is o composite?
True
Suppose 2*v - 529 = -4*k - 6987, 0 = -2*k + 4*v - 3224. Let t = 2822 + k. Suppose -t = -r + 1997. Is r a prime number?
False
Let k(g) = 1576*g**2 + 86*g + 141. Is k(-13) prime?
False
Suppose s - 5*c + 4 = 18, -5*c = 15. Is s + ((-32941)/(-6) - (-6)/(-36)) a prime number?
False
Suppose 0 = 3*a + 5*k + 19, -2 = 4*a + 3*k + 5. Suppose a*l = -4*v + 2*v - 11668, -4*v = -12. Let s = l - -8296. Is s a composite number?
False
Let l be -8*(4 + -5) - 6. Suppose -b + 2*k = -883, 4*k - 1444 - 346 = -l*b. Is b a composite number?
True
Let t(d) = 1353*d - 333. Is t(4) a prime number?
False
Let h(a) = -1453*a + 659. Is h(-20) prime?
False
Is (-641828)/(-9) - (-162)/(-729) - -3 composite?
False
Suppose -5*r = -10*r - 2*f - 74, 2*f - 6 = 0. Suppose -256 = 3*u + 1031. Let g = r - u. Is g a prime number?
False
Suppose 0 = 4*k + 11 - 19. Suppose 0 = k*y - 2*j + 1290, -y = j - 4*j + 649. Let r = -452 - y. Is r composite?
False
Suppose -14*w - 30 = -16*w. Let g(i) = 2*i**2 - 20*i - 23. Is g(w) prime?
True
Suppose i - 18970868 = -27*i - 0*i. Is i a composite number?
False
Let p be 1776/180 + (-4)/(-30). Let s(r) = 11*r**3 - 9*r**2 - 16*r + 45. Is s(p) a prime number?
False
Let r(i) = 153*i**2 - 10*i + 3. Let y(q) = 21*q - 17. Let n be y(1). Is r(n) prime?
True
Let j be ((-6)/(-5))/(22/55). Suppose j*d - 3*o = -2*d + 117, -80 = -4*d - o. Is d prime?
False
Let a be 1266/(-6) + 1 + -4. Let b = 771 + a. Is b prime?
True
Let d be (-2 + 88)/1 - (-2 + -1). Suppose 3*l + 2*x + 62 = 4*l, 3*x - d = -2*l. Is ((-298)/(-8))/(l/16 + -3) a composite number?
False
Suppose -2*k = 8 - 6. Is ((-12)/9 - k)/((-2)/9222) a composite number?
True
Suppose 4*o - 6844 = -g, -3*g - 681 - 4467 = -3*o. Let b be 28/(-98) + o/14. Let m = b - -197. Is m composite?
True
Let q = 159117 - 82253. Suppose 4*z = -v + 102483, v - 2*v = -3*z + q. Is z prime?
True
Is (-1204446)/(-3) + 19/((-76)/36) composite?
False
Let k(d) = -d**3 - 11*d**2 + 7*d - 22. Let x = 37 + -49. Let m be k(x). Suppose 0 = 4*h - 4*w - 152, -3*h + 44 = 5*w - m. Is h prime?
False
Let x = 4680 + -6800. Let v = x + 3981. Is v a prime number?
True
Suppose 2*m - 12 = -m. Suppose -10*h = -m*h - 24. Suppose -4*w + h*n + 13012 = 0, n = -5*w + 2*n + 16257. Is w a composite number?
False
Let r = -1466 - -78. Let s be r/(-10)*10/1. Is s/((-2 - -1)*(-8)/4) composite?
True
Let b be 6/15 - (-48)/30. Suppose -4*r + 25304 = -z + 6031, b*r - 9647 = -3*z. Is r a composite number?
True
Let a = 278 - 279. Is -118*a/2*(1 - -1) a composite number?
True
Is ((-14)/(-12) - 1) + (108699156/216 - 18) a composite number?
True
Let a be (-3)/6 - (-7)/2. Suppose a*j + 1 = 10. Suppose -j*b - 1264 = y - 4002, 0 = b - 4*y - 930. Is b a prime number?
False
Let v = -420 - -1951. Is v a prime number?
True
Let h = -13488 - -30275. Is h a prime number?
True
Let u = 774 - 789. Is 5/u*3*(2 + -4863) a composite number?
False
Let d(v) = v**2 - 2*v - 3. Let c be d(-2). Suppose -5*i - 5 = 0, c*a - 9116 = -2*i + 3*i. Is a composite?
False
Let s(o) = o**3 + 11*o**2 - 4*o + 24. Let l be s(-12). Let x = l + 77. Suppose 0 = -6*c + 3*c - 15, -5*n + x*c + 6750 = 0. Is n a composite number?
True
Is 60478 - (7 - -4) - (5 - 7) a prime number?
False
Is 12/(-15)*4*(-2640075)/240 composite?
False
Let q(d) = 6934*d**2 + 79*d - 970. Is q(9) prime?
False
Is (-2015609)/(-10) - ((-5037)/(-230) + -22) prime?
False
Suppose c + 360 = -5*c. Let r = 63 + c. Suppose v + 2*w - 1325 = 0, 3960 = r*v - w + 2*w. Is v a composite number?
False
Let m = 36075 + 36962. Is m a composite number?
False
Let t = -47 + 51. Suppose -c + 1278 = 2*r, -t*r - 361 = -3*c - 2917. Suppose -2*j = -r - 535. Is j a composite number?
False
Suppose 0 = -5*v - 53*m + 49*m + 2205567, -v + 4*m = -441099. Suppose -10*p = 23*p - v. Is p a prime number?
True
Let w(q) = 2469*q**2 - 22*q + 25. Is w(12) prime?
True
Let v = 521 + -516. Suppose 5*f - 2*f - v*h - 11962 = 0, -5*f - 2*h + 19947 = 0. Is f a prime number?
True
Let l(v) = 41915*v**2 - 510*v - 2067. Is l(-4) a prime number?
True
Let h(s) = -2736*s + 329. Is h(-157) prime?
True
Let z = 9225 + -3233. Let t = 3037 + z. Is t composite?
False
Let t(g) = -g**3 - 12*g**2 - 22*g - 12. Let u be t(-16). Let l = u - -321. Suppose 5*k = 4*m + l, -m = 4*k + 2*m - 1348. Is k a composite number?
False
Let y be ((-1)/((-2)/21878))/(-2 + 1). Let q = -7256 - y. Is q a prime number?
False
Suppose 325 = -8*f + 1205. Suppose 156478 = -f*g + 124*g. Is g a prime number?
True
Suppose -5*y + 28256 = -2*b, -2*y - b + 11298 = -4*b. Supp